t the prime factors of 955.
5, 191
List the prime factors of 2666.
2, 31, 43
List the prime factors of 8474.
2, 19, 223
List the prime factors of 4962.
2, 3, 827
What are the prime factors of 1620?
2, 3, 5
List the prime factors of 406.
2, 7, 29
List the prime factors of 127821.
3, 137, 311
List the prime factors of 4816.
2, 7, 43
What are the prime factors of 98811?
3, 10979
List the prime factors of 6401.
37, 173
List the prime factors of 1029.
3, 7
What are the prime factors of 45368?
2, 53, 107
What are the prime factors of 12332?
2, 3083
What are the prime factors of 627?
3, 11, 19
What are the prime factors of 3243?
3, 23, 47
What are the prime factors of 8056?
2, 19, 53
What are the prime factors of 1079?
13, 83
List the prime factors of 392.
2, 7
What are the prime factors of 1220?
2, 5, 61
List the prime factors of 158.
2, 79
What are the prime factors of 129133?
263, 491
What are the prime factors of 123?
3, 41
List the prime factors of 61822.
2, 30911
List the prime factors of 2039.
2039
What are the prime factors of 103118?
2, 47, 1097
What are the prime factors of 952?
2, 7, 17
List the prime factors of 3130.
2, 5, 313
What are the prime factors of 98575?
5, 3943
List the prime factors of 749.
7, 107
What are the prime factors of 17458?
2, 7, 29, 43
List the prime factors of 735.
3, 5, 7
What are the prime factors of 737?
11, 67
What are the prime factors of 1979?
1979
List the prime factors of 3396.
2, 3, 283
What are the prime factors of 1788?
2, 3, 149
List the prime factors of 8999.
8999
List the prime factors of 3238.
2, 1619
What are the prime factors of 459?
3, 17
List the prime factors of 29331.
3, 3259
What are the prime factors of 88?
2, 11
What are the prime factors of 85012?
2, 53, 401
What are the prime factors of 235?
5, 47
What are the prime factors of 14065?
5, 29, 97
List the prime factors of 688.
2, 43
List the prime factors of 51195.
3, 5, 3413
List the prime factors of 887.
887
What are the prime factors of 1887?
3, 17, 37
List the prime factors of 656.
2, 41
What are the prime factors of 524?
2, 131
List the prime factors of 1965.
3, 5, 131
What are the prime factors of 818?
2, 409
What are the prime factors of 5238?
2, 3, 97
List the prime factors of 4113.
3, 457
List the prime factors of 1057.
7, 151
List the prime factors of 1453.
1453
List the prime factors of 17331.
3, 53, 109
What are the prime factors of 152203?
152203
What are the prime factors of 105164?
2, 61, 431
What are the prime factors of 2434?
2, 1217
List the prime factors of 381.
3, 127
List the prime factors of 1700.
2, 5, 17
List the prime factors of 632.
2, 79
What are the prime factors of 115?
5, 23
What are the prime factors of 99951?
3, 33317
What are the prime factors of 28363?
113, 251
List the prime factors of 61795.
5, 17, 727
What are the prime factors of 10533?
3, 3511
What are the prime factors of 16920?
2, 3, 5, 47
What are the prime factors of 114642?
2, 3, 11, 193
List the prime factors of 11267.
19, 593
List the prime factors of 555.
3, 5, 37
What are the prime factors of 4433?
11, 13, 31
What are the prime factors of 2865?
3, 5, 191
What are the prime factors of 9176?
2, 31, 37
What are the prime factors of 180295?
5, 107, 337
What are the prime factors of 3677?
3677
What are the prime factors of 3672?
2, 3, 17
List the prime factors of 31026.
2, 3, 5171
What are the prime factors of 66942?
2, 3, 3719
What are the prime factors of 1732?
2, 433
List the prime factors of 3213.
3, 7, 17
List the prime factors of 4064.
2, 127
What are the prime factors of 3676?
2, 919
List the prime factors of 14160.
2, 3, 5, 59
List the prime factors of 16166.
2, 59, 137
List the prime factors of 4881.
3, 1627
What are the prime factors of 1398?
2, 3, 233
List the prime factors of 17.
17
What are the prime factors of 47641?
11, 61, 71
List the prime factors of 9010.
2, 5, 17, 53
List the prime factors of 1806.
2, 3, 7, 43
List the prime factors of 704.
2, 11
List the prime factors of 13411.
13411
What are the prime factors of 58899?
3, 29, 677
List the prime factors of 44468.
2, 11117
What are the prime factors of 182734?
2, 91367
List the prime factors of 205.
5, 41
List the prime factors of 425.
5, 17
What are the prime factors of 15907?
15907
List the prime factors of 55413.
3, 47, 131
List the prime factors of 22679.
22679
What are the prime factors of 51530?
2, 5, 5153
What are the prime factors of 1326?
2, 3, 13, 17
What are the prime factors of 6948?
2, 3, 193
List the prime factors of 19202.
2, 9601
List the prime factors of 19650.
2, 3, 5, 131
List the prime factors of 455.
5, 7, 13
What are the prime factors of 41905?
5, 17, 29
What are the prime factors of 2821?
7, 13, 31
What are the prime factors of 2660?
2, 5, 7, 19
List the prime factors of 13087.
23, 569
List the prime factors of 1580.
2, 5, 79
What are the prime factors of 2189?
11, 199
List the prime factors of 656.
2, 41
List the prime factors of 13297.
13297
List the prime factors of 21931.
7, 13, 241
What are the prime factors of 573?
3, 191
What are the prime factors of 11876?
2, 2969
What are the prime factors of 34172?
2, 8543
What are the prime factors of 7720?
2, 5, 193
List the prime factors of 56.
2, 7
What are the prime factors of 1339?
13, 103
What are the prime factors of 18460?
2, 5, 13, 71
List the prime factors of 2373.
3, 7, 113
List the prime factors of 2668.
2, 23, 29
List the prime factors of 536.
2, 67
What are the prime factors of 14211?
3, 1579
What are the prime factors of 209?
11, 19
What are the prime factors of 4808?
2, 601
List the prime factors of 65818.
2, 32909
List the prime factors of 12992.
2, 7, 29
List the prime factors of 628.
2, 157
List the prime factors of 77634.
2, 3, 19, 227
List the prime factors of 5828.
2, 31, 47
What are the prime factors of 922?
2, 461
List the prime factors of 5626.
2, 29, 97
List the prime factors of 11112.
2, 3, 463
List the prime factors of 3531.
3, 11, 107
List the prime factors of 45438.
2, 3, 7573
List the prime factors of 169.
13
What are the prime factors of 976?
2, 61
What are the prime factors of 1445?
5, 17
What are the prime factors of 10572?
2, 3, 881
What are the prime factors of 96856?
2, 12107
List the prime factors of 54436.
2, 31, 439
What are the prime factors of 16256?
2, 127
What are the prime factors of 33836?
2, 11, 769
List the prime factors of 109517.
109517
What are the prime factors of 6144?
2, 3
List the prime factors of 2913.
3, 971
What are the prime factors of 60973?
11, 23, 241
What are the prime factors of 5617?
41, 137
List the prime factors of 4261.
4261
What are the prime factors of 112775?
5, 13, 347
List the prime factors of 670.
2, 5, 67
What are the prime factors of 712?
2, 89
List the prime factors of 41398.
2, 7, 2957
List the prime factors of 34131.
3, 31, 367
What are the prime factors of 3535?
5, 7, 101
List the prime factors of 23127.
3, 13, 593
What are the prime factors of 1502?
2, 751
List the prime factors of 984.
2, 3, 41
What are the prime factors of 79149?
3, 7, 3769
What are the prime factors of 34076?
2, 7, 1217
What are the prime factors of 1196?
2, 13, 23
What are the prime factors of 32825?
5, 13, 101
What are the prime factors of 1499?
1499
List the prime factors of 44615.
5, 8923
What are the prime factors of 735?
3, 5, 7
What are the prime factors of 3151?
23, 137
What are the prime factors of 4509?
3, 167
What are the prime factors of 43?
43
What are the prime factors of 246?
2, 3, 41
What are the prime factors of 37088?
2, 19, 61
What are the prime factors of 57?
3, 19
What are the prime factors of 47253?
3, 19, 829
List the prime factors of 18187.
13, 1399
List the prime factors of 4526.
2, 31, 73
What are the prime factors of 952?
2, 7, 17
List the prime factors of 1549.
1549
List the prime factors of 41101.
23, 1787
List the prime factors of 41913.
3, 4657
List the prime factors of 58469.
59, 991
What are the prime factors of 110483?
17, 67, 97
List the prime factors of 155279.
31, 5009
What are the prime factors of 22451?
11, 13, 157
What are the prime factors of 3482?
2, 1741
What are the prime factors of 18082?
2, 9041
What are the prime factors of 547?
547
What are the prime factors of 18617?
18617
List the prime factors of 5790.
2, 3, 5, 